{"id":87,"date":"2016-10-02T17:12:07","date_gmt":"2016-10-02T15:12:07","guid":{"rendered":"http:\/\/rtbs.pl\/?page_id=87"},"modified":"2026-04-29T10:22:15","modified_gmt":"2026-04-29T08:22:15","slug":"gubin","status":"publish","type":"page","link":"http:\/\/rtbs.pl\/?page_id=87","title":{"rendered":"GUBIN &#8211; SPORTOWA"},"content":{"rendered":"<p style=\"text-align: left;\"><span style=\"font-size: 14pt;\"><a href=\"http:\/\/rtbs.pl\/?p=3261\" target=\"_blank\" rel=\"noopener\"><strong>Og\u0142oszono przetarg na realizacj\u0119 kolejnego budynku przy ul. Sportowej w Gubinie. Trwaj\u0105 prace przygotowawcze.<\/strong><\/a><\/span><\/p>\n<p>Na ka\u017cdej z kondygnacji znajduj\u0105 si\u0119 dwa mieszkania dwupokojowe o powierzchni ok. 50 m\u00b2 oraz cztery mieszkania trzypokojowe o powierzchni ok. 63 m\u00b2 z niezale\u017cnym gazowym systemem centralnego ogrzewania i podgrzewania wody u\u017cytkowej (piece dwufunkcyjne).<\/p>\n<p>Ka\u017cde z mieszka\u0144 posiada wygodn\u0105 i przestronn\u0105 loggi\u0119 oraz dost\u0119p do kom\u00f3rki lokatorskiej. Teren wok\u00f3\u0142 budynku zostanie wkr\u00f3tce w pe\u0142ni zagospodarowany. Wybudowana zostanie wewn\u0119trzna droga dojazdowa do parking\u00f3w, chodniki, skwery a tak\u017ce plac zabaw dla dzieci.<\/p>\n<p>Wszystkich zainteresowanych wynaj\u0119ciem mieszkania zapraszamy do osobistego kontaktu z Regionalnym Towarzystwem Budownictwa Spo\u0142ecznego Sp. z o.o. z siedzib\u0105 w Zielonej G\u00f3rze przy ulicy Nieca\u0142ej 2G lub telefonicznie pod numer 68 452 87 01.<\/p>\n<ul>\n<li><a href=\"http:\/\/rtbs.pl\/wp-content\/uploads\/2016\/09\/PZT.pdf\" target=\"_blank\" rel=\"noopener\">PLAN ZAGOSPODAROWANIA TERENU<\/a><\/li>\n<li><a href=\"http:\/\/rtbs.pl\/wp-content\/uploads\/2016\/09\/WIZUALIZACJE.pdf\" target=\"_blank\" rel=\"noopener\">WIZUALIZACJE<\/a><\/li>\n<\/ul>\n<p><img decoding=\"async\" loading=\"lazy\" class=\"wp-image-3305  aligncenter\" src=\"http:\/\/rtbs.pl\/wp-content\/uploads\/2026\/04\/GUBIN-SPORTOWA-2-1504-1024x492.jpg\" alt=\"\" width=\"1381\" height=\"664\" srcset=\"http:\/\/rtbs.pl\/wp-content\/uploads\/2026\/04\/GUBIN-SPORTOWA-2-1504-1024x492.jpg 1024w, http:\/\/rtbs.pl\/wp-content\/uploads\/2026\/04\/GUBIN-SPORTOWA-2-1504-300x144.jpg 300w, http:\/\/rtbs.pl\/wp-content\/uploads\/2026\/04\/GUBIN-SPORTOWA-2-1504-768x369.jpg 768w, http:\/\/rtbs.pl\/wp-content\/uploads\/2026\/04\/GUBIN-SPORTOWA-2-1504-1536x738.jpg 1536w, http:\/\/rtbs.pl\/wp-content\/uploads\/2026\/04\/GUBIN-SPORTOWA-2-1504-2048x984.jpg 2048w\" sizes=\"(max-width: 1381px) 100vw, 1381px\" \/><\/p>\n<p><a href=\"http:\/\/rtbs.pl\/wp-content\/uploads\/2016\/07\/s_4.jpg\" target=\"_blank\" rel=\"noopener\"><img decoding=\"async\" loading=\"lazy\" class=\"alignleft wp-image-16 size-full\" src=\"http:\/\/rtbs.pl\/wp-content\/uploads\/2016\/07\/s_4.jpg\" alt=\"s_4\" width=\"1600\" height=\"800\" srcset=\"http:\/\/rtbs.pl\/wp-content\/uploads\/2016\/07\/s_4.jpg 1600w, http:\/\/rtbs.pl\/wp-content\/uploads\/2016\/07\/s_4-300x150.jpg 300w, http:\/\/rtbs.pl\/wp-content\/uploads\/2016\/07\/s_4-768x384.jpg 768w, http:\/\/rtbs.pl\/wp-content\/uploads\/2016\/07\/s_4-1024x512.jpg 1024w\" sizes=\"(max-width: 1600px) 100vw, 1600px\" \/><\/a> <a href=\"http:\/\/rtbs.pl\/wp-content\/uploads\/2016\/07\/s_3.jpg\" target=\"_blank\" rel=\"noopener\"><img decoding=\"async\" loading=\"lazy\" class=\"alignleft wp-image-15 size-full\" src=\"http:\/\/rtbs.pl\/wp-content\/uploads\/2016\/07\/s_3.jpg\" alt=\"s_3\" width=\"1600\" height=\"800\" srcset=\"http:\/\/rtbs.pl\/wp-content\/uploads\/2016\/07\/s_3.jpg 1600w, http:\/\/rtbs.pl\/wp-content\/uploads\/2016\/07\/s_3-300x150.jpg 300w, http:\/\/rtbs.pl\/wp-content\/uploads\/2016\/07\/s_3-768x384.jpg 768w, http:\/\/rtbs.pl\/wp-content\/uploads\/2016\/07\/s_3-1024x512.jpg 1024w\" sizes=\"(max-width: 1600px) 100vw, 1600px\" \/><\/a> <a href=\"http:\/\/rtbs.pl\/wp-content\/uploads\/2016\/07\/s_2.jpg\" target=\"_blank\" rel=\"noopener\"><img decoding=\"async\" loading=\"lazy\" class=\"alignleft wp-image-14 size-full\" src=\"http:\/\/rtbs.pl\/wp-content\/uploads\/2016\/07\/s_2.jpg\" alt=\"s_2\" width=\"1600\" height=\"800\" srcset=\"http:\/\/rtbs.pl\/wp-content\/uploads\/2016\/07\/s_2.jpg 1600w, http:\/\/rtbs.pl\/wp-content\/uploads\/2016\/07\/s_2-300x150.jpg 300w, http:\/\/rtbs.pl\/wp-content\/uploads\/2016\/07\/s_2-768x384.jpg 768w, http:\/\/rtbs.pl\/wp-content\/uploads\/2016\/07\/s_2-1024x512.jpg 1024w\" sizes=\"(max-width: 1600px) 100vw, 1600px\" \/><\/a><\/p>\n<p>&nbsp;<\/p>\n<p style=\"text-align: center;\"><span style=\"font-size: 14pt;\"><a href=\"http:\/\/rtbs.pl\/?p=2574\" target=\"_blank\" rel=\"noopener\">Budynek nr 1 gotowy! <\/a>i zosta\u0142 ju\u017c przekazany do zamieszkania (<a href=\"http:\/\/rtbs.pl\/?page_id=1947\" target=\"_blank\" rel=\"noopener\">szczeg\u00f3\u0142y zako\u0144czonej inwestycji<\/a>).<\/span><\/p>\n<h1 style=\"text-align: center;\"><\/h1>\n","protected":false},"excerpt":{"rendered":"<p>Og\u0142oszono przetarg na realizacj\u0119 kolejnego budynku przy ul. Sportowej w Gubinie. Trwaj\u0105 prace przygotowawcze. Na ka\u017cdej z kondygnacji znajduj\u0105 si\u0119 dwa mieszkania dwupokojowe o powierzchni ok. 50 m\u00b2 oraz cztery mieszkania trzypokojowe o powierzchni ok. 63 m\u00b2 z niezale\u017cnym gazowym systemem centralnego ogrzewania i podgrzewania wody u\u017cytkowej (piece dwufunkcyjne). Ka\u017cde z mieszka\u0144 posiada wygodn\u0105 i przestronn\u0105 loggi\u0119 oraz dost\u0119p do kom\u00f3rki lokatorskiej. Teren wok\u00f3\u0142 budynku zostanie wkr\u00f3tce w pe\u0142ni zagospodarowany. Wybudowana zostanie wewn\u0119trzna droga dojazdowa do parking\u00f3w, chodniki, skwery a tak\u017ce plac zabaw dla dzieci. Wszystkich zainteresowanych wynaj\u0119ciem mieszkania zapraszamy do osobistego kontaktu z Regionalnym Towarzystwem Budownictwa Spo\u0142ecznego Sp. z o.o. z siedzib\u0105 w Zielonej G\u00f3rze przy ulicy Nieca\u0142ej 2G<a class=\"moretag\" href=\"http:\/\/rtbs.pl\/?page_id=87\">Wi\u0119cej &#8230;<\/a><\/p>\n","protected":false},"author":1,"featured_media":0,"parent":0,"menu_order":0,"comment_status":"closed","ping_status":"closed","template":"","meta":[],"_links":{"self":[{"href":"http:\/\/rtbs.pl\/index.php?rest_route=\/wp\/v2\/pages\/87"}],"collection":[{"href":"http:\/\/rtbs.pl\/index.php?rest_route=\/wp\/v2\/pages"}],"about":[{"href":"http:\/\/rtbs.pl\/index.php?rest_route=\/wp\/v2\/types\/page"}],"author":[{"embeddable":true,"href":"http:\/\/rtbs.pl\/index.php?rest_route=\/wp\/v2\/users\/1"}],"replies":[{"embeddable":true,"href":"http:\/\/rtbs.pl\/index.php?rest_route=%2Fwp%2Fv2%2Fcomments&post=87"}],"version-history":[{"count":23,"href":"http:\/\/rtbs.pl\/index.php?rest_route=\/wp\/v2\/pages\/87\/revisions"}],"predecessor-version":[{"id":3309,"href":"http:\/\/rtbs.pl\/index.php?rest_route=\/wp\/v2\/pages\/87\/revisions\/3309"}],"wp:attachment":[{"href":"http:\/\/rtbs.pl\/index.php?rest_route=%2Fwp%2Fv2%2Fmedia&parent=87"}],"curies":[{"name":"wp","href":"https:\/\/api.w.org\/{rel}","templated":true}]}}